ed by 209?
175
Calculate the remainder when 13 is divided by 7.
6
Calculate the remainder when 9886 is divided by 103.
101
What is the remainder when 113 is divided by 66?
47
What is the remainder when 346 is divided by 217?
129
Calculate the remainder when 2347 is divided by 584.
11
What is the remainder when 1840 is divided by 45?
40
What is the remainder when 8574 is divided by 134?
132
What is the remainder when 125 is divided by 28?
13
What is the remainder when 796 is divided by 58?
42
What is the remainder when 692 is divided by 628?
64
Calculate the remainder when 131 is divided by 11.
10
What is the remainder when 239 is divided by 20?
19
Calculate the remainder when 1823 is divided by 121.
8
Calculate the remainder when 145 is divided by 28.
5
Calculate the remainder when 503 is divided by 101.
99
What is the remainder when 822 is divided by 36?
30
What is the remainder when 293 is divided by 37?
34
What is the remainder when 247 is divided by 22?
5
Calculate the remainder when 593 is divided by 49.
5
What is the remainder when 100 is divided by 36?
28
Calculate the remainder when 19 is divided by 8.
3
What is the remainder when 85 is divided by 29?
27
What is the remainder when 7791 is divided by 1113?
0
What is the remainder when 1391 is divided by 127?
121
What is the remainder when 86 is divided by 12?
2
What is the remainder when 1493 is divided by 544?
405
What is the remainder when 344 is divided by 27?
20
What is the remainder when 345 is divided by 29?
26
What is the remainder when 176 is divided by 43?
4
What is the remainder when 1068 is divided by 51?
48
Calculate the remainder when 622 is divided by 22.
6
Calculate the remainder when 844 is divided by 55.
19
Calculate the remainder when 460 is divided by 172.
116
What is the remainder when 212 is divided by 12?
8
What is the remainder when 357 is divided by 129?
99
Calculate the remainder when 124 is divided by 89.
35
What is the remainder when 658 is divided by 212?
22
Calculate the remainder when 42 is divided by 16.
10
Calculate the remainder when 550 is divided by 187.
176
Calculate the remainder when 106 is divided by 10.
6
Calculate the remainder when 199 is divided by 67.
65
What is the remainder when 8371 is divided by 158?
155
What is the remainder when 42 is divided by 22?
20
Calculate the remainder when 77 is divided by 13.
12
What is the remainder when 1091 is divided by 13?
12
Calculate the remainder when 1728 is divided by 10.
8
What is the remainder when 47 is divided by 34?
13
Calculate the remainder when 311 is divided by 39.
38
What is the remainder when 192 is divided by 34?
22
Calculate the remainder when 1326 is divided by 93.
24
What is the remainder when 1754 is divided by 13?
12
What is the remainder when 320 is divided by 23?
21
What is the remainder when 976 is divided by 189?
31
What is the remainder when 507 is divided by 84?
3
Calculate the remainder when 3434 is divided by 7.
4
What is the remainder when 64 is divided by 17?
13
Calculate the remainder when 426 is divided by 412.
14
What is the remainder when 18294 is divided by 57?
54
Calculate the remainder when 70 is divided by 70.
0
What is the remainder when 2097 is divided by 211?
198
What is the remainder when 3207 is divided by 56?
15
Calculate the remainder when 76 is divided by 13.
11
What is the remainder when 5451 is divided by 58?
57
Calculate the remainder when 2915 is divided by 725.
15
Calculate the remainder when 46 is divided by 26.
20
Calculate the remainder when 72 is divided by 2.
0
Calculate the remainder when 20563 is divided by 212.
211
What is the remainder when 159 is divided by 9?
6
What is the remainder when 523 is divided by 45?
28
What is the remainder when 110 is divided by 108?
2
What is the remainder when 267 is divided by 68?
63
Calculate the remainder when 201 is divided by 128.
73
What is the remainder when 5974 is divided by 139?
136
What is the remainder when 453 is divided by 115?
108
Calculate the remainder when 71 is divided by 19.
14
Calculate the remainder when 273 is divided by 88.
9
Calculate the remainder when 78 is divided by 44.
34
Calculate the remainder when 534 is divided by 108.
102
Calculate the remainder when 3638 is divided by 906.
14
What is the remainder when 186 is divided by 43?
14
What is the remainder when 179 is divided by 167?
12
What is the remainder when 1104 is divided by 37?
31
Calculate the remainder when 129 is divided by 71.
58
What is the remainder when 1087 is divided by 361?
4
What is the remainder when 100 is divided by 34?
32
Calculate the remainder when 647 is divided by 30.
17
Calculate the remainder when 5294 is divided by 2639.
16
What is the remainder when 959 is divided by 318?
5
What is the remainder when 170 is divided by 43?
41
Calculate the remainder when 311 is divided by 6.
5
Calculate the remainder when 2000 is divided by 91.
89
Calculate the remainder when 2934 is divided by 973.
15
Calculate the remainder when 761 is divided by 127.
126
Calculate the remainder when 7664 is divided by 73.
72
Calculate the remainder when 435 is divided by 195.
45
What is the remainder when 97 is divided by 11?
9
Calculate the remainder when 191 is divided by 14.
9
Calculate the remainder when 4242 is divided by 15.
12
What is the remainder when 8047 is divided by 35?
32
What is the remainder when 112 is divided by 33?
13
What is the remainder when 16 is divided by 10?
6
Calculate the remainder when 203 is divided by 40.
3
What is the remainder when 5083 is divided by 41?
40
Calculate the remainder when 6874 is divided by 3429.
16
What is the remainder when 2387 is divided by 340?
7
Calculate the remainder when 897 is divided by 45.
42
Calculate the remainder when 75 is divided by 21.
12
What is the remainder when 469 is divided by 28?
21
Calculate the remainder when 46 is divided by 17.
12
What is the remainder when 432 is divided by 111?
99
Calculate the remainder when 38 is divided by 8.
6
What is the remainder when 1077 is divided by 7?
6
What is the remainder when 3238 is divided by 81?
79
Calculate the remainder when 90 is divided by 24.
18
Calculate the remainder when 458 is divided by 130.
68
What is the remainder when 58 is divided by 52?
6
Calculate the remainder when 295 is divided by 147.
1
Calculate the remainder when 202 is divided by 12.
10
What is the remainder when 1166 is divided by 15?
11
What is the remainder when 46 is divided by 3?
1
What is the remainder when 504 is divided by 503?
1
What is the remainder when 182 is divided by 4?
2
What is the remainder when 506 is divided by 472?
34
What is the remainder when 474 is divided by 14?
12
Calculate the remainder when 258 is divided by 20.
18
Calculate the remainder when 130 is divided by 22.
20
What is the remainder when 444 is divided by 154?
136
Calculate the remainder when 1053 is divided by 300.
153
What is the remainder when 1715 is divided by 39?
38
What is the remainder when 621 is divided by 89?
87
Calculate the remainder when 308 is divided by 81.
65
Calculate the remainder when 613 is divided by 39.
28
Calculate the remainder when 573 is divided by 64.
61
What is the remainder when 181 is divided by 37?
33
What is the remainder when 62 is divided by 7?
6
Calculate the remainder when 140 is divided by 36.
32
Calculate the remainder when 259 is divided by 17.
4
Calculate the remainder when 862 is divided by 24.
22
What is the remainder when 166 is divided by 69?
28
What is the remainder when 176 is divided by 21?
8
What is the remainder when 20251 is divided by 26?
23
What is the remainder when 394 is divided by 18?
16
Calculate the remainder when 1700 is divided by 188.
8
Calculate the remainder when 3232 is divided by 147.
145
What is the remainder when 181 is divided by 56?
13
What is the remainder when 1007 is divided by 5?
2
What is the remainder when 95 is divided by 14?
11
Calculate the remainder when 624 is divided by 126.
120
What is the remainder when 309 is divided by 233?
76
What is the remainder when 152 is divided by 23?
14
Calculate the remainder when 369 is divided by 37.
36
What is the remainder when 113 is divided by 25?
13
What is the remainder when 1097 is divided by 27?
17
What is the remainder when 330 is divided by 24?